te the remainder when w is divided by m(-20).
31
Suppose 4*r + 5 = 101. Let h(x) = -x**2 + 47*x - 136. What is the remainder when h(43) is divided by r?
12
Let u(o) = 9*o + 2. Suppose 2*i - 3*z = 145, -124 = -2*i + z + 23. Calculate the remainder when i is divided by u(2).
14
Let z = -484 - -484. Suppose z = 4*j + 4*p - 124, -4*j + 6*j - 41 = 5*p. Calculate the remainder when 136 is divided by j.
24
Let r(c) = 35*c**2 + 140*c - 261. What is the remainder when r(-12) is divided by 283?
269
Suppose b = 5, -39 = -4*t + 3*t + b. Let m = 46 - t. Suppose a - 4*a + k = -71, m*a = -3*k + 40. What is the remainder when 91 is divided by a?
22
Let b(j) = -7*j + 4. Let t be b(0). Suppose -3*g - 357 = t*g. Let l = g - -80. Calculate the remainder when 86 is divided by l.
28
Suppose 0 = 3*j + 3*p - 6, -3*j = -7*j + 3*p + 8. Let k be 28*((-6)/18)/(2/(-6)). Let c = 57 - k. Calculate the remainder when c is divided by j.
1
Let q(o) = -27*o + 6. Calculate the remainder when q(-5) is divided by (0*4/32)/2 + 58/2.
25
Let t(v) = -47*v - 4. Suppose -2*a - 348 = -566. Suppose 3*p = -4*w + a, p - 7 = 4*w - 136. What is the remainder when t(-4) is divided by w?
29
Let y(v) = 12*v**3 + v - 1. Calculate the remainder when ((-72280)/(-160))/(156/48) is divided by y(1).
7
Let m(i) = 371*i - 2559. What is the remainder when 2619 is divided by m(7)?
35
What is the remainder when (-13)/((-117)/(-18)) - (-2 - 391) is divided by 3/(((-36)/(-114))/6) + -1?
55
Suppose -306*y = -303*y - 111. Suppose 5 - 83 = -6*j. Calculate the remainder when y is divided by j.
11
Let f(n) = -n**3 - 38*n**2 + 79*n - 22. Let y be f(-40). Let x(h) = -2*h**2 + 35*h + 27. What is the remainder when x(y) is divided by 8?
1
Let n(d) = -d**3 - 4*d**2 + 5*d + 28. Let m = 12 + -1. What is the remainder when n(-6) is divided by m?
4
Let w = 205850 - 205819. Let p(r) = 2*r**3 - 6*r**2 + 2*r + 4. Calculate the remainder when p(5) is divided by w.
21
Let c(w) = -92*w + 349. Suppose 12 - 92 = -4*n. Calculate the remainder when c(1) is divided by n.
17
Let g be (-20)/(-15)*(-6)/(-4) - 21. Let p = g + 31. Suppose p*r - 145 = -13. What is the remainder when 30 is divided by r?
8
Let s = -84 - -87. Suppose s*d = 4*d - 73. What is the remainder when 288 is divided by d?
69
Suppose 5*f + 5*k = 4*k + 19, f - 19 = -4*k. Suppose 2*u - f = -7. What is the remainder when 39 is divided by (-2)/u*4/(4/7)?
4
Let j = 3 - -9. Let h(d) = d**2 - 7*d - 13. What is the remainder when 466/8 + 1 + (-3)/j is divided by h(11)?
28
Let g = 71 - 27. Suppose 2*j + 91 = 3*a + 65, 3*j = -2*a. Calculate the remainder when g is divided by a.
2
Let l = 30 - 32. Let f(v) = -11*v**3 - 2*v**2 + 2*v + 3. Let x be f(l). Let s = x + -42. What is the remainder when s is divided by 19?
18
Suppose -32 - 52 = 3*z. Let b = 1419 - 1402. Let w = b - z. What is the remainder when w is divided by 24?
21
Suppose -5*p = -4*m - 101, p = -2*p + 3*m + 60. Let q(a) = p*a**2 + 0*a - 2 - 4*a**2 - 2*a - 3*a. What is the remainder when 37 is divided by q(-1)?
17
Let f = -5936 - -5964. Calculate the remainder when 5514 is divided by f.
26
Calculate the remainder when 591 is divided by (-13)/(2873/(-42406)) - (-7)/((-357)/(-6)).
15
Suppose 0 = 2*x + 2*x - 4*o + 208, -5 = -o. Let v = x + 68. Suppose 0 = -3*b - 5*f + 24, -b - 2*f + 0 = -8. What is the remainder when v is divided by b?
5
Let o = 260 - 252. What is the remainder when 3 + (4 + o - -4) is divided by 9?
1
Suppose -2*q - 3*q = -5*z + 290, -2*z + 114 = -q. Let j = z - 43. Calculate the remainder when (-1 - 0) + 1*29 is divided by j.
2
Let w(z) = 27*z**2 - z + 2. Let r be w(1). Let o = r - 31. What is the remainder when 27 is divided by (-36)/(-3 + 1) + o?
12
Let v(x) = x**2 + x + 1. Calculate the remainder when 597 is divided by v(-2).
0
Let i(a) = a**2 + 4*a. Suppose -1413*h + 328 = -1405*h. What is the remainder when h is divided by i(-5)?
1
Let q(z) = 31*z + 125. Let c be q(-4). Calculate the remainder when c + ((-60)/(-1) - (-4 - -1)) is divided by 41.
23
Suppose -2*x - 11 = -51. Suppose 0 = -4*o + x, -b - 5*o + 39 = 2. Let n = -7360 + 7374. What is the remainder when n is divided by b?
2
Suppose -504 = -3*l - 0*l. Let x(o) = -o**3 + 8*o**2 + 16*o + 7. Let f be x(-2). Calculate the remainder when (f/(-12))/((-2)/l) is divided by 27.
24
Suppose 4*p - 28 = 5*y, -12 = -14*p + 16*p + 4*y. Suppose 0 = 8*s - 5*s - 5*f - 40, -s = p*f + 5. Calculate the remainder when 17 is divided by s.
2
What is the remainder when 15375/12 - (-94)/(-376) is divided by 209?
27
Let d = 1353 - 882. Let c = -450 + d. What is the remainder when c is divided by (14/8 - 1)*8?
3
Suppose 2*p = -3*s + 3123 + 3786, 5*p = -5*s + 11525. Calculate the remainder when s is divided by 85.
4
Calculate the remainder when (-12260)/10*(4/8 - 2) is divided by 77.
68
Let d be (-4 + (-14)/(-4))*(2 - 22). Let o be (d - (7 + -3)) + 3. Suppose -26 = o*g - 11*g. Calculate the remainder when g is divided by 2.
1
Let w(m) = 842*m - 557. What is the remainder when w(5) is divided by 9?
8
Suppose -4451 + 8498 = 32*o - 10289. What is the remainder when o is divided by 78?
58
Let n(a) = 2*a**2 + 6*a + 3. Suppose -2*b - 2*t + 68 + 18 = 0, b + 3*t - 51 = 0. What is the remainder when b is divided by n(-4)?
6
Suppose 4*q + 5 = 5. Suppose -94 = -5*s - 12*y + 13*y, q = 5*y + 20. What is the remainder when 175 is divided by s?
13
Suppose -g + 36 = 10*x - 7*x, 4*x = 5*g + 48. Let b = -11 + 18. Suppose -h - 4 = -b. Calculate the remainder when x is divided by h.
0
Let l be 3/24*-1 - (-11876)/32. Suppose l*w - 132 = 360*w. What is the remainder when w is divided by 1?
0
Suppose 2*p + b = 26, 0*b - 2*b = -p + 3. Let r = -6 + 16. Suppose -3*f + 2 = -r. What is the remainder when p is divided by f?
3
Let s = -8449 + 8471. What is the remainder when 1054 is divided by s?
20
Calculate the remainder when 41 is divided by (-4)/(-40) + (-1343)/(-170).
1
What is the remainder when (-2)/(-3) + 17/612*61212 is divided by 245?
231
Suppose 3*y = 161 + 220. Suppose 14*t = 8*t + 468. Suppose -t = -3*s - 5*a, 4*a - a = 5*s - 130. Calculate the remainder when y is divided by s.
23
Suppose -58107 = 13*q - 60278. Calculate the remainder when 1499 is divided by q.
163
Calculate the remainder when (4590/225)/(2/(-10) - (-3)/6) is divided by 53.
15
Suppose 2*g = 9*g - 1177 - 979. Calculate the remainder when g is divided by 83.
59
Let l(d) = -448*d - 1287. What is the remainder when 973 is divided by l(-3)?
4
Suppose -372 = -6*d + 96. Suppose -6*u - 5*n - 28 = -3*u, 4*u + 42 = -2*n. Let v = u - -27. Calculate the remainder when d is divided by v.
14
Let v(t) = 157*t - 1696. Suppose 2*n - 4 = -2*n. Calculate the remainder when v(11) is divided by n.
0
Let y(q) = -5*q + 34. Let l = -240 + 244. Calculate the remainder when 43 is divided by y(l).
1
Let m = -1982 - -3113. What is the remainder when m is divided by 4?
3
Let r = 2561 - 1914. What is the remainder when r is divided by 54?
53
Let l = 55 - 49. Suppose -2*w - i = -w + l, 4*w - i - 1 = 0. Let t = w + 22. What is the remainder when t is divided by 10?
1
Let l = 1537 + -410. What is the remainder when l is divided by 29?
25
Let w be 391 - (-2 + (5 - 6)). Let p = w + -351. What is the remainder when 171 is divided by p?
42
Let j be 9/(-15) - (-97)/(-5). Let t = 5 - j. What is the remainder when (2/2)/(14 - (-1175)/(-49) - -10) is divided by t?
24
Suppose -60*u + 7558 + 4507 + 1075 = 0. Calculate the remainder when 2842 is divided by u.
214
Suppose -3278*t = -3267*t - 6842. What is the remainder when t is divided by 205?
7
Let p(q) = 76*q - 9801. Calculate the remainder when p(175) is divided by 125.
124
Let j = 1524 + -794. Suppose -19*y + 1094 = -j. What is the remainder when y is divided by 11?
8
Let v(b) = -b**3 - 32*b**2 + 511*b + 57. What is the remainder when v(-44) is divided by 792?
13
Let u = -5792 + 6079. Calculate the remainder when u is divided by 53.
22
Let w be 8*(20/50)/((-16)/(-10)). What is the remainder when (1816/(-16)*w)/(-1) is divided by 23?
20
Suppose 3*m - 6 = 3*b, 8*b - 2 = 2*m + 4*b. Suppose -f = -m*f + 12. What is the remainder when 2/(-4) + 15/2 is divided by f?
1
Let g be 0 - (6 + (-161 - 9)). Suppose 20*c + g = 24*c. Calculate the remainder when 161 is divided by c.
38
Let n = -15 + 61. Let h = n + -43. Wha